er when 2343712 is divided by 3028?
40
Calculate the remainder when 19169723 is divided by 685.
683
Calculate the remainder when 83040159 is divided by 7.
6
What is the remainder when 171061 is divided by 2899?
20
Calculate the remainder when 140941 is divided by 6127.
20
What is the remainder when 2005430 is divided by 57?
56
What is the remainder when 6903012 is divided by 23400?
12
What is the remainder when 28095022 is divided by 37?
34
What is the remainder when 90905315 is divided by 255352?
3
What is the remainder when 2542487 is divided by 195566?
129
Calculate the remainder when 151499 is divided by 1563.
1451
Calculate the remainder when 27529 is divided by 788.
737
What is the remainder when 1140993 is divided by 789?
99
Calculate the remainder when 39069 is divided by 37724.
1345
Calculate the remainder when 153773 is divided by 172.
5
Calculate the remainder when 3052435 is divided by 251.
24
Calculate the remainder when 43288 is divided by 3197.
1727
Calculate the remainder when 5056796 is divided by 4253.
4232
Calculate the remainder when 43879841 is divided by 1242.
1223
Calculate the remainder when 159517 is divided by 2936.
973
Calculate the remainder when 22000166 is divided by 483.
482
What is the remainder when 915485 is divided by 83223?
32
Calculate the remainder when 2600571 is divided by 338.
337
Calculate the remainder when 54874502 is divided by 331.
329
Calculate the remainder when 2407689 is divided by 13.
11
What is the remainder when 1123992 is divided by 177?
42
What is the remainder when 2396733 is divided by 101?
3
What is the remainder when 173366 is divided by 288?
278
What is the remainder when 2040066 is divided by 5894?
742
What is the remainder when 51506642 is divided by 1862?
1860
Calculate the remainder when 519731 is divided by 278.
149
Calculate the remainder when 1396644 is divided by 898.
254
What is the remainder when 207890 is divided by 72?
26
Calculate the remainder when 876252 is divided by 641.
5
Calculate the remainder when 2284394 is divided by 120231.
5
Calculate the remainder when 2422597 is divided by 1211290.
17
Calculate the remainder when 172543 is divided by 796.
607
Calculate the remainder when 766738 is divided by 69694.
104
What is the remainder when 34888066 is divided by 46?
10
Calculate the remainder when 32192 is divided by 2879.
523
Calculate the remainder when 20073870 is divided by 34.
32
What is the remainder when 53989743 is divided by 438941?
0
What is the remainder when 1116088 is divided by 1565?
243
What is the remainder when 99041 is divided by 25?
16
Calculate the remainder when 8618773 is divided by 9850.
23
Calculate the remainder when 514852 is divided by 61.
12
Calculate the remainder when 49248681 is divided by 356.
353
Calculate the remainder when 2900203 is divided by 1450097.
9
Calculate the remainder when 32587276 is divided by 152.
148
Calculate the remainder when 363036 is divided by 181507.
22
What is the remainder when 5896739 is divided by 885?
869
What is the remainder when 10749613 is divided by 181?
23
Calculate the remainder when 188807 is divided by 1114.
541
What is the remainder when 213386 is divided by 9749?
8657
What is the remainder when 71029962 is divided by 23676653?
3
What is the remainder when 18006648 is divided by 315906?
6
What is the remainder when 22914400 is divided by 219?
211
Calculate the remainder when 95488 is divided by 309.
7
Calculate the remainder when 315639 is divided by 8752.
567
Calculate the remainder when 42551 is divided by 10226.
1647
What is the remainder when 66966 is divided by 66272?
694
What is the remainder when 80814671 is divided by 1535?
1526
Calculate the remainder when 1805569 is divided by 323.
322
Calculate the remainder when 1499370 is divided by 15618.
42
What is the remainder when 4050031 is divided by 495?
436
What is the remainder when 13151059 is divided by 571784?
27
What is the remainder when 4526571 is divided by 452656?
11
Calculate the remainder when 1362534581 is divided by 12568.
12565
Calculate the remainder when 3669787 is divided by 170.
167
What is the remainder when 4306651 is divided by 1076661?
7
What is the remainder when 10872108 is divided by 286108?
4
What is the remainder when 19205492 is divided by 401?
399
Calculate the remainder when 8052014 is divided by 2768.
2670
Calculate the remainder when 7817784 is divided by 3908885.
14
Calculate the remainder when 12746 is divided by 1414.
20
Calculate the remainder when 8654512 is divided by 202.
24
Calculate the remainder when 45215405 is divided by 166233.
29
Calculate the remainder when 57439 is divided by 5739.
49
What is the remainder when 64146 is divided by 63682?
464
Calculate the remainder when 15056944 is divided by 119.
112
What is the remainder when 1432961 is divided by 32?
1
What is the remainder when 381175 is divided by 15?
10
Calculate the remainder when 339890 is divided by 4728.
4202
Calculate the remainder when 733829 is divided by 295.
164
Calculate the remainder when 53842713 is divided by 26921351.
11
Calculate the remainder when 15815155 is divided by 126.
13
Calculate the remainder when 1251941 is divided by 21961.
164
What is the remainder when 316919 is divided by 119?
22
What is the remainder when 162898847 is divided by 67818?
11
What is the remainder when 172705 is divided by 86212?
281
What is the remainder when 40233225 is divided by 571?
565
Calculate the remainder when 5292298 is divided by 12971.
130
Calculate the remainder when 55213613 is divided by 16.
13
Calculate the remainder when 161988 is divided by 31183.
6073
What is the remainder when 3873839 is divided by 3017?
11
What is the remainder when 3085320 is divided by 8500?
8320
Calculate the remainder when 394942771 is divided by 1589.
1588
What is the remainder when 511869 is divided by 764?
753
Calculate the remainder when 201740 is divided by 50356.
316
What is the remainder when 7013155 is divided by 1656?
1651
What is the remainder when 1627647 is divided by 1088?
1087
Calculate the remainder when 708202 is divided by 37260.
262
What is the remainder when 447052 is divided by 537?
268
Calculate the remainder when 2775456 is divided by 346928.
32
Calculate the remainder when 49638732 is divided by 50.
32
Calculate the remainder when 1513785 is divided by 2498.
2495
What is the remainder when 910333 is divided by 65019?
67
What is the remainder when 865914 is divided by 21?
0
What is the remainder when 9586454 is divided by 14?
10
What is the remainder when 3782856 is divided by 2036?
2004
Calculate the remainder when 226032 is divided by 75312.
96
What is the remainder when 158525673 is divided by 569?
566
Calculate the remainder when 556887 is divided by 114.
111
What is the remainder when 126556 is divided by 696?
580
What is the remainder when 13010786 is divided by 7685?
81
Calculate the remainder when 162166 is divided by 53156.
2698
What is the remainder when 3823004 is divided by 955706?
180
What is the remainder when 1414919 is divided by 183?
146
Calculate the remainder when 55288346 is divided by 2.
0
What is the remainder when 3761756 is divided by 103?
93
What is the remainder when 2309819 is divided by 3309?
137
Calculate the remainder when 358779 is divided by 27596.
31
Calculate the remainder when 651786 is divided by 268.
10
Calculate the remainder when 1686509 is divided by 131.
15
Calculate the remainder when 1626621 is divided by 406441.
857
Calculate the remainder when 78189 is divided by 61.
48
Calculate the remainder when 11309326 is divided by 49.
28
What is the remainder when 273136 is divided by 25?
11
Calculate the remainder when 1451121 is divided by 2662.
331
What is the remainder when 174649 is divided by 58117?
298
What is the remainder when 10326823 is divided by 53?
38
Calculate the remainder when 463290 is divided by 5444.
550
What is the remainder when 183284507 is divided by 1452?
1451
Calculate the remainder when 3219119 is divided by 214578.
449
Calculate the remainder when 3541806 is divided by 624.
606
What is the remainder when 1448065 is divided by 225?
190
What is the remainder when 179650 is divided by 89797?
56
Calculate the remainder when 848199 is divided by 60412.
2431
Calculate the 